 801208962?
False
Is 30 a factor of 334917180?
True
Does 31 divide 3680953144?
True
Does 1965 divide 563955?
True
Is 11 a factor of 7431205276?
True
Does 998 divide 1065398056?
False
Is 55208572 a multiple of 422?
True
Is 411720640 a multiple of 538?
True
Does 318 divide 39795989?
False
Is 44980670 a multiple of 10?
True
Is 9576401 a multiple of 1424?
False
Is 12 a factor of 53173680?
True
Is 6491 a factor of 1125084805?
False
Does 170 divide 126551930?
False
Is 79 a factor of 27036012?
True
Is 676081080 a multiple of 90?
True
Does 273 divide 972815318?
False
Does 46 divide 222495652?
True
Does 833 divide 10771276?
False
Does 56 divide 52656114?
False
Does 222 divide 264253926?
True
Is 9701722 a multiple of 162?
False
Is 24048000 a multiple of 288?
True
Is 87416192 a multiple of 32?
True
Is 407 a factor of 96711340?
True
Is 250821 a multiple of 8?
False
Is 12 a factor of 1084144383?
False
Does 466 divide 108233160?
True
Is 17 a factor of 184834971?
False
Is 390 a factor of 194686747?
False
Is 238856850 a multiple of 90?
True
Is 4791572396 a multiple of 1187?
True
Does 507 divide 229961149?
False
Does 69 divide 459690972?
True
Is 108849104 a multiple of 52?
True
Is 275 a factor of 1639433948?
False
Does 8401 divide 833202779?
True
Is 10507980 a multiple of 508?
True
Does 2163 divide 89409768?
True
Is 23774442 a multiple of 6?
True
Is 1294 a factor of 3638275100?
True
Does 229 divide 374943990?
True
Does 844 divide 759210916?
True
Is 757 a factor of 144928833?
False
Does 1121 divide 194589906?
True
Is 81 a factor of 242991118?
False
Does 810 divide 805883580?
True
Does 354 divide 2325963726?
True
Is 598 a factor of 808727426?
True
Is 6 a factor of 21740079?
False
Is 262 a factor of 105902066?
False
Is 74325558 a multiple of 19?
False
Is 91254284 a multiple of 148?
True
Does 149 divide 228303257?
False
Does 301 divide 43404802?
True
Does 2 divide 347803?
False
Is 307877535 a multiple of 15?
True
Does 6161 divide 660693318?
True
Does 400 divide 204303200?
True
Is 14 a factor of 340248?
False
Is 22 a factor of 98476862?
True
Is 45594074 a multiple of 406?
False
Is 135986234 a multiple of 3821?
False
Is 96 a factor of 77745585?
False
Is 30 a factor of 42491460?
True
Is 2266 a factor of 4921772394?
True
Is 53 a factor of 9911245?
False
Does 945 divide 17754660?
True
Is 786892843 a multiple of 158?
False
Is 67 a factor of 25912751?
False
Is 110 a factor of 3794996288?
False
Is 31 a factor of 3213924690?
True
Does 867 divide 254314281?
False
Is 24 a factor of 12087756?
False
Does 4511 divide 632006543?
False
Is 36059276 a multiple of 40?
False
Does 51 divide 2035425?
False
Does 27 divide 26655098?
False
Is 76144210 a multiple of 14?
False
Does 73 divide 130178557?
False
Is 4815772 a multiple of 148?
True
Is 323 a factor of 24803356?
False
Is 365343029 a multiple of 147?
False
Is 29 a factor of 516506153?
True
Is 945923919 a multiple of 14?
False
Does 21 divide 6059592?
True
Is 1562228062 a multiple of 8?
False
Does 7212 divide 2669007208?
False
Is 22080115 a multiple of 949?
False
Does 36 divide 116970886?
False
Is 1352206773 a multiple of 111?
True
Is 160449876 a multiple of 17?
True
Does 1202 divide 34890000?
False
Is 715968172 a multiple of 1046?
True
Is 57 a factor of 544903527?
True
Does 189 divide 290862684?
True
Is 142346237 a multiple of 3313?
False
Is 307768156 a multiple of 452?
True
Is 96 a factor of 405653280?
True
Is 132 a factor of 27347760?
True
Does 60 divide 96549417?
False
Does 6 divide 49098670?
False
Does 10 divide 107346480?
True
Does 51 divide 960404613?
True
Is 156711436 a multiple of 465?
False
Is 70448801 a multiple of 360?
False
Does 396 divide 22979088?
True
Is 1891 a factor of 915937289?
False
Is 519 a factor of 150730575?
True
Does 1211 divide 285838839?
False
Does 99 divide 87514680?
False
Does 41 divide 14744610?
False
Is 6085 a factor of 922540163?
False
Is 4402 a factor of 849315879?
False
Is 90 a factor of 2525529938?
False
Is 120710766 a multiple of 642?
True
Is 1687422785 a multiple of 9379?
True
Is 5 a factor of 23274479?
False
Is 10435245 a multiple of 18?
False
Does 5 divide 50504669?
False
Is 1138 a factor of 245327764?
True
Is 228228592 a multiple of 7?
False
Is 3362474332 a multiple of 20?
False
Is 13554497 a multiple of 634?
False
Is 315062694 a multiple of 46?
True
Is 9559800 a multiple of 120?
True
Is 952 a factor of 42768301?
False
Is 1596 a factor of 62764296?
True
Does 4 divide 25881632?
True
Is 49952610 a multiple of 90?
True
Is 424 a factor of 67430275?
False
Is 1100104389 a multiple of 2451?
True
Is 3834 a factor of 1117733688?
True
Is 2 a factor of 30325?
False
Does 220 divide 26808197?
False
Is 82 a factor of 1248376610?
True
Does 399 divide 43633953?
False
Is 5 a factor of 206064818?
False
Is 4225553634 a multiple of 495?
False
Is 321 a factor of 25575996?
True
Is 4 a factor of 59883547?
False
Does 14 divide 178607634?
False
Is 5283 a factor of 281552202?
True
Is 407581915 a multiple of 13?
True
Is 2 a factor of 2403227?
False
Is 687 a factor of 156357078?
True
Is 730 a factor of 645569660?
True
Does 205 divide 139673265?
True
Is 53170616 a multiple of 72?
False
Is 20 a factor of 7241260?
True
Is 1100 a factor of 1182464800?
True
Does 10 divide 22486150?
True
Does 841 divide 2003254694?
False
Is 134 a factor of 76997874?
True
Is 1080 a factor of 550449608?
False
Is 8 a factor of 109583996?
False
Is 1435 a factor of 454322435?
True
Does 1503 divide 227252097?
True
Is 27645867 a multiple of 150?
False
Is 415611394 a multiple of 22?
True
Is 311938198 a multiple of 286?
True
Is 96787992 a multiple of 540?
False
Does 1625 divide 18404750?
True
Does 29 divide 6517582?
False
Is 71 a factor of 12017744?
True
Does 17 divide 667358052?
True
Does 825 divide 102446918?
False
Is 133854248 a multiple of 15?
False
Does 15 divide 129113420?
False
Does 36 divide 172633754?
False
Is 3837 a factor of 3422646207?
True
Is 75 a factor of 106175850?
True
Does 8446 divide 4384023562?
False
Is 3 a factor of 394405278?
True
Is 7583 a factor of 2776272794?
True
Is 17 a factor of 23700402?
False
Does 1213 divide 45163193?
False
Is 129 a factor of 15231933?
True
Is 670 a factor of 43808257?
False
Is 249565285 a multiple of 72?
False
Is 223823622 a multiple of 23?
False
Does 348 divide 51467808?
True
Does 218 divide 100076824?
True
Is 18 a factor of 3421762?
False
Does 14 divide 364446012?
True
Is 36 a factor of 197623224?
True
Is 1092 a factor of 1113840?
True
Is 530 a factor of 4263850?
True
Does 676 divide 126057100?
True
Is 202874265 a multiple of 31?
False
Does 1071 divide 2570721777?
False
Is 1542649008 a multiple of 552?
True
Is 509 a factor of 292400826?
False
Is 1142 a factor of 834998831?
False
Does 19 divide 33710864?
True
Does 1490 divide 652196840?
True
Is 13 a factor of 145968023?
False
Is 25 a factor of 29030778?
False
Is 6 a factor of 118592592?
True
Does 82 divide 142096934?
False
Is 14 a factor of 910267288?
True
Is 41 a factor of 111642299?
False
Is 661 a factor of 65093297?
True
Does 935 divide 445787430?
True
Is 26 a factor of 982387432?
True
Does 2335 divide 5706499495?
True
Does 249 divide 266969085?
True
Does 36 divide 1129054146?
False
Does 4182 divide 633075342?
True
Does 367 divide 41030639?
False
Does 4 divide 38128756?
True
Does 167 divide 6335813?
True
Does 26 divide 3128174790?
True
Is 188019822 a multiple of 146?
True
Does 58 divide 5763186994?
True
Is 793 a factor of 227946264?
True
Does 178 divide 25282586?
True
Does 7 divide 153017368?
True
Is 6 a factor of 357468041?
False
Is 14115952 a multiple of 3?
False
Is 202 a factor of 1995697?
False
Is 2613567 even?
False
Is 149351315 a multiple of 3023?
True
Is 25 a factor of 9075608?
False
Is 152854476 a multiple of 331?
True
Is 2034636 a multiple of 2?
True
Is 65098140 a multiple of 60?
True
Is 41 a factor of 37682854?
True
Does 109 divide 53317136?
False
Does 14 divide 58663670?
False
Is 2014 a factor of 37687300?
False
Does 64 divide 131016554?
False
Is 86 a factor of 100808500?
False
Does 39 divide 777275841?
False
Does 169 divide 263848991?
False
Is 174345263 a multiple of 6755?
False
Is 1117 a factor of 91141615?
True
Does 371 divide 1032556588?
False
Is 2207 a factor of 82442485?
True
Is 213 a factor of 2148168415?
False
Does 145 divide 2